{"id":1798,"date":"2019-12-13T16:35:30","date_gmt":"2019-12-13T18:35:30","guid":{"rendered":"http:\/\/sanordesteriosul.com.br\/?page_id=1798"},"modified":"2025-08-28T16:11:10","modified_gmt":"2025-08-28T19:11:10","slug":"rateio_30_m","status":"publish","type":"page","link":"https:\/\/sanordesteriosul.com.br\/index.php\/rateio_30_m\/","title":{"rendered":"Rateio 30 M"},"content":{"rendered":"\t\t<div data-elementor-type=\"post\" data-elementor-id=\"1798\" class=\"elementor elementor-1798\" data-elementor-settings=\"[]\">\n\t\t\t<div class=\"elementor-inner\">\n\t\t\t\t<div class=\"elementor-section-wrap\">\n\t\t\t\t\t\t\t<section class=\"elementor-element elementor-element-895b507 elementor-section-boxed elementor-section-height-default elementor-section-height-default elementor-section elementor-top-section\" data-id=\"895b507\" data-element_type=\"section\" data-settings=\"{&quot;background_background&quot;:&quot;classic&quot;}\">\n\t\t\t\t\t\t<div class=\"elementor-container elementor-column-gap-default\">\n\t\t\t\t<div class=\"elementor-row\">\n\t\t\t\t<div class=\"elementor-element elementor-element-fe14a9f elementor-column elementor-col-50 elementor-top-column\" data-id=\"fe14a9f\" data-element_type=\"column\">\n\t\t\t<div class=\"elementor-column-wrap  elementor-element-populated\">\n\t\t\t\t\t<div class=\"elementor-widget-wrap\">\n\t\t\t\t<div class=\"elementor-element elementor-element-a88dcbb elementor-widget elementor-widget-image\" data-id=\"a88dcbb\" data-element_type=\"widget\" data-widget_type=\"image.default\">\n\t\t\t\t<div class=\"elementor-widget-container\">\n\t\t\t\t\t<div class=\"elementor-image\">\n\t\t\t\t\t\t\t\t\t\t\t<a href=\"https:\/\/sanordesteriosul.com.br\" data-elementor-open-lightbox=\"\">\n\t\t\t\t\t\t\t<img loading=\"lazy\" decoding=\"async\" width=\"497\" height=\"137\" src=\"https:\/\/sanordesteriosul.com.br\/wp-content\/uploads\/2021\/01\/logomassas.png\" class=\"attachment-large size-large\" alt=\"\" srcset=\"https:\/\/sanordesteriosul.com.br\/wp-content\/uploads\/2021\/01\/logomassas.png 497w, https:\/\/sanordesteriosul.com.br\/wp-content\/uploads\/2021\/01\/logomassas-300x83.png 300w\" sizes=\"auto, (max-width: 497px) 85vw, 497px\" \/>\t\t\t\t\t\t\t\t<\/a>\n\t\t\t\t\t\t\t\t\t\t\t<\/div>\n\t\t\t\t<\/div>\n\t\t\t\t<\/div>\n\t\t\t\t\t\t<\/div>\n\t\t\t<\/div>\n\t\t<\/div>\n\t\t\t\t<div class=\"elementor-element elementor-element-11cfd88 elementor-column elementor-col-50 elementor-top-column\" data-id=\"11cfd88\" data-element_type=\"column\">\n\t\t\t<div class=\"elementor-column-wrap  elementor-element-populated\">\n\t\t\t\t\t<div class=\"elementor-widget-wrap\">\n\t\t\t\t<div class=\"elementor-element elementor-element-7619c99 elementor-widget elementor-widget-heading\" data-id=\"7619c99\" data-element_type=\"widget\" data-widget_type=\"heading.default\">\n\t\t\t\t<div class=\"elementor-widget-container\">\n\t\t\t<h1 class=\"elementor-heading-title elementor-size-xl\">Rateio 30 M<\/h1>\t\t<\/div>\n\t\t\t\t<\/div>\n\t\t\t\t\t\t<\/div>\n\t\t\t<\/div>\n\t\t<\/div>\n\t\t\t\t\t\t<\/div>\n\t\t\t<\/div>\n\t\t<\/section>\n\t\t\t\t<section class=\"elementor-element elementor-element-d9d704e elementor-section-content-middle elementor-section-height-min-height elementor-section-boxed elementor-section-height-default elementor-section-items-middle elementor-section elementor-top-section\" data-id=\"d9d704e\" data-element_type=\"section\" data-settings=\"{&quot;background_background&quot;:&quot;classic&quot;}\">\n\t\t\t\t\t\t<div class=\"elementor-container elementor-column-gap-no\">\n\t\t\t\t<div class=\"elementor-row\">\n\t\t\t\t<div class=\"elementor-element elementor-element-e225dbe elementor-column elementor-col-100 elementor-top-column\" data-id=\"e225dbe\" data-element_type=\"column\">\n\t\t\t<div class=\"elementor-column-wrap  elementor-element-populated\">\n\t\t\t\t\t<div class=\"elementor-widget-wrap\">\n\t\t\t\t<div class=\"elementor-element elementor-element-385fb20 elementor-nav-menu__align-left elementor-nav-menu--indicator-classic elementor-nav-menu--dropdown-tablet elementor-nav-menu__text-align-aside elementor-nav-menu--toggle elementor-nav-menu--burger elementor-widget elementor-widget-nav-menu\" data-id=\"385fb20\" data-element_type=\"widget\" data-settings=\"{&quot;layout&quot;:&quot;horizontal&quot;,&quot;toggle&quot;:&quot;burger&quot;}\" data-widget_type=\"nav-menu.default\">\n\t\t\t\t<div class=\"elementor-widget-container\">\n\t\t\t\t\t\t<nav class=\"elementor-nav-menu--main elementor-nav-menu__container elementor-nav-menu--layout-horizontal e--pointer-underline e--animation-grow\"><ul id=\"menu-1-385fb20\" class=\"elementor-nav-menu\"><li class=\"menu-item menu-item-type-custom menu-item-object-custom menu-item-has-children menu-item-1114\"><a href=\"#\" class=\"elementor-item elementor-item-anchor\">Ativos<\/a>\n<ul class=\"sub-menu elementor-nav-menu--dropdown\">\n\t<li class=\"menu-item menu-item-type-post_type menu-item-object-page menu-item-1113\"><a href=\"https:\/\/sanordesteriosul.com.br\/index.php\/ativos-realizados\/\" class=\"elementor-sub-item\">Ativos Realizados<\/a><\/li>\n<\/ul>\n<\/li>\n<li class=\"menu-item menu-item-type-custom menu-item-object-custom menu-item-has-children menu-item-1687\"><a href=\"#\" class=\"elementor-item elementor-item-anchor\">Credores<\/a>\n<ul class=\"sub-menu elementor-nav-menu--dropdown\">\n\t<li class=\"menu-item menu-item-type-custom menu-item-object-custom menu-item-1688\"><a href=\"http:\/\/ffx.com.br\/nordeste\/index.php?option=com_joodb&#038;view=catalog&#038;Itemid=93\" class=\"elementor-sub-item\">Cr\u00e9ditos Trabalhistas<\/a><\/li>\n\t<li class=\"menu-item menu-item-type-custom menu-item-object-custom menu-item-1689\"><a href=\"http:\/\/ffx.com.br\/nordeste\/index.php?option=com_joodb&#038;view=catalog&#038;Itemid=94\" class=\"elementor-sub-item\">Cr\u00e9ditos com Garantia Real<\/a><\/li>\n\t<li class=\"menu-item menu-item-type-custom menu-item-object-custom menu-item-1690\"><a href=\"http:\/\/ffx.com.br\/nordeste\/index.php?option=com_joodb&#038;view=catalog&#038;Itemid=96\" class=\"elementor-sub-item\">Rateio 82 M<\/a><\/li>\n\t<li class=\"menu-item menu-item-type-post_type menu-item-object-page menu-item-1806\"><a href=\"https:\/\/sanordesteriosul.com.br\/index.php\/rateio_30_m\/\" class=\"elementor-sub-item\">Rateio 30 M<\/a><\/li>\n<\/ul>\n<\/li>\n<li class=\"menu-item menu-item-type-custom menu-item-object-custom menu-item-has-children menu-item-451\"><a href=\"#\" class=\"elementor-item elementor-item-anchor\">Documentos<\/a>\n<ul class=\"sub-menu elementor-nav-menu--dropdown\">\n\t<li class=\"menu-item menu-item-type-post_type menu-item-object-page menu-item-358\"><a href=\"https:\/\/sanordesteriosul.com.br\/index.php\/processo-por-volume\/\" class=\"elementor-sub-item\">Processo por Volume<\/a><\/li>\n\t<li class=\"menu-item menu-item-type-post_type menu-item-object-page menu-item-360\"><a href=\"https:\/\/sanordesteriosul.com.br\/index.php\/relacao-de-credores\/\" class=\"elementor-sub-item\">Rela\u00e7\u00e3o de Credores<\/a><\/li>\n\t<li class=\"menu-item menu-item-type-post_type menu-item-object-page menu-item-359\"><a href=\"https:\/\/sanordesteriosul.com.br\/index.php\/rateios\/\" class=\"elementor-sub-item\">Rateios<\/a><\/li>\n\t<li class=\"menu-item menu-item-type-post_type menu-item-object-page menu-item-361\"><a href=\"https:\/\/sanordesteriosul.com.br\/index.php\/relatorios-do-administrador-judicial\/\" class=\"elementor-sub-item\">Relat\u00f3rios do Administrador Judicial<\/a><\/li>\n\t<li class=\"menu-item menu-item-type-post_type menu-item-object-page menu-item-812\"><a href=\"https:\/\/sanordesteriosul.com.br\/index.php\/legislacao\/\" class=\"elementor-sub-item\">Legisla\u00e7\u00e3o<\/a><\/li>\n\t<li class=\"menu-item menu-item-type-post_type menu-item-object-page menu-item-1644\"><a href=\"https:\/\/sanordesteriosul.com.br\/index.php\/outros\/\" class=\"elementor-sub-item\">Outros Documentos<\/a><\/li>\n<\/ul>\n<\/li>\n<li class=\"menu-item menu-item-type-post_type menu-item-object-page menu-item-357\"><a href=\"https:\/\/sanordesteriosul.com.br\/index.php\/informes\/\" class=\"elementor-item\">Informes<\/a><\/li>\n<li class=\"menu-item menu-item-type-post_type menu-item-object-page menu-item-354\"><a href=\"https:\/\/sanordesteriosul.com.br\/index.php\/duvidas-frequentes\/\" class=\"elementor-item\">D\u00favidas Frequentes<\/a><\/li>\n<li class=\"menu-item menu-item-type-post_type menu-item-object-page menu-item-355\"><a href=\"https:\/\/sanordesteriosul.com.br\/index.php\/fale-conosco\/\" class=\"elementor-item\">Fale Conosco<\/a><\/li>\n<\/ul><\/nav>\n\t\t\t\t\t<div class=\"elementor-menu-toggle\">\n\t\t\t<i class=\"eicon\" aria-hidden=\"true\"><\/i>\n\t\t\t<span class=\"elementor-screen-only\">Menu<\/span>\n\t\t<\/div>\n\t\t<nav class=\"elementor-nav-menu--dropdown elementor-nav-menu__container\"><ul id=\"menu-2-385fb20\" class=\"elementor-nav-menu\"><li class=\"menu-item menu-item-type-custom menu-item-object-custom menu-item-has-children menu-item-1114\"><a href=\"#\" class=\"elementor-item elementor-item-anchor\">Ativos<\/a>\n<ul class=\"sub-menu elementor-nav-menu--dropdown\">\n\t<li class=\"menu-item menu-item-type-post_type menu-item-object-page menu-item-1113\"><a href=\"https:\/\/sanordesteriosul.com.br\/index.php\/ativos-realizados\/\" class=\"elementor-sub-item\">Ativos Realizados<\/a><\/li>\n<\/ul>\n<\/li>\n<li class=\"menu-item menu-item-type-custom menu-item-object-custom menu-item-has-children menu-item-1687\"><a href=\"#\" class=\"elementor-item elementor-item-anchor\">Credores<\/a>\n<ul class=\"sub-menu elementor-nav-menu--dropdown\">\n\t<li class=\"menu-item menu-item-type-custom menu-item-object-custom menu-item-1688\"><a href=\"http:\/\/ffx.com.br\/nordeste\/index.php?option=com_joodb&#038;view=catalog&#038;Itemid=93\" class=\"elementor-sub-item\">Cr\u00e9ditos Trabalhistas<\/a><\/li>\n\t<li class=\"menu-item menu-item-type-custom menu-item-object-custom menu-item-1689\"><a href=\"http:\/\/ffx.com.br\/nordeste\/index.php?option=com_joodb&#038;view=catalog&#038;Itemid=94\" class=\"elementor-sub-item\">Cr\u00e9ditos com Garantia Real<\/a><\/li>\n\t<li class=\"menu-item menu-item-type-custom menu-item-object-custom menu-item-1690\"><a href=\"http:\/\/ffx.com.br\/nordeste\/index.php?option=com_joodb&#038;view=catalog&#038;Itemid=96\" class=\"elementor-sub-item\">Rateio 82 M<\/a><\/li>\n\t<li class=\"menu-item menu-item-type-post_type menu-item-object-page menu-item-1806\"><a href=\"https:\/\/sanordesteriosul.com.br\/index.php\/rateio_30_m\/\" class=\"elementor-sub-item\">Rateio 30 M<\/a><\/li>\n<\/ul>\n<\/li>\n<li class=\"menu-item menu-item-type-custom menu-item-object-custom menu-item-has-children menu-item-451\"><a href=\"#\" class=\"elementor-item elementor-item-anchor\">Documentos<\/a>\n<ul class=\"sub-menu elementor-nav-menu--dropdown\">\n\t<li class=\"menu-item menu-item-type-post_type menu-item-object-page menu-item-358\"><a href=\"https:\/\/sanordesteriosul.com.br\/index.php\/processo-por-volume\/\" class=\"elementor-sub-item\">Processo por Volume<\/a><\/li>\n\t<li class=\"menu-item menu-item-type-post_type menu-item-object-page menu-item-360\"><a href=\"https:\/\/sanordesteriosul.com.br\/index.php\/relacao-de-credores\/\" class=\"elementor-sub-item\">Rela\u00e7\u00e3o de Credores<\/a><\/li>\n\t<li class=\"menu-item menu-item-type-post_type menu-item-object-page menu-item-359\"><a href=\"https:\/\/sanordesteriosul.com.br\/index.php\/rateios\/\" class=\"elementor-sub-item\">Rateios<\/a><\/li>\n\t<li class=\"menu-item menu-item-type-post_type menu-item-object-page menu-item-361\"><a href=\"https:\/\/sanordesteriosul.com.br\/index.php\/relatorios-do-administrador-judicial\/\" class=\"elementor-sub-item\">Relat\u00f3rios do Administrador Judicial<\/a><\/li>\n\t<li class=\"menu-item menu-item-type-post_type menu-item-object-page menu-item-812\"><a href=\"https:\/\/sanordesteriosul.com.br\/index.php\/legislacao\/\" class=\"elementor-sub-item\">Legisla\u00e7\u00e3o<\/a><\/li>\n\t<li class=\"menu-item menu-item-type-post_type menu-item-object-page menu-item-1644\"><a href=\"https:\/\/sanordesteriosul.com.br\/index.php\/outros\/\" class=\"elementor-sub-item\">Outros Documentos<\/a><\/li>\n<\/ul>\n<\/li>\n<li class=\"menu-item menu-item-type-post_type menu-item-object-page menu-item-357\"><a href=\"https:\/\/sanordesteriosul.com.br\/index.php\/informes\/\" class=\"elementor-item\">Informes<\/a><\/li>\n<li class=\"menu-item menu-item-type-post_type menu-item-object-page menu-item-354\"><a href=\"https:\/\/sanordesteriosul.com.br\/index.php\/duvidas-frequentes\/\" class=\"elementor-item\">D\u00favidas Frequentes<\/a><\/li>\n<li class=\"menu-item menu-item-type-post_type menu-item-object-page menu-item-355\"><a href=\"https:\/\/sanordesteriosul.com.br\/index.php\/fale-conosco\/\" class=\"elementor-item\">Fale Conosco<\/a><\/li>\n<\/ul><\/nav>\n\t\t\t\t<\/div>\n\t\t\t\t<\/div>\n\t\t\t\t\t\t<\/div>\n\t\t\t<\/div>\n\t\t<\/div>\n\t\t\t\t\t\t<\/div>\n\t\t\t<\/div>\n\t\t<\/section>\n\t\t\t\t<section class=\"elementor-element elementor-element-ae6a24b elementor-section-full_width elementor-section-height-default elementor-section-height-default elementor-section elementor-top-section\" data-id=\"ae6a24b\" data-element_type=\"section\">\n\t\t\t\t\t\t<div class=\"elementor-container elementor-column-gap-default\">\n\t\t\t\t<div class=\"elementor-row\">\n\t\t\t\t<div class=\"elementor-element elementor-element-e50cd6e elementor-column elementor-col-100 elementor-top-column\" data-id=\"e50cd6e\" data-element_type=\"column\">\n\t\t\t<div class=\"elementor-column-wrap  elementor-element-populated\">\n\t\t\t\t\t<div class=\"elementor-widget-wrap\">\n\t\t\t\t<div class=\"elementor-element elementor-element-9a2c61a elementor-widget elementor-widget-spacer\" data-id=\"9a2c61a\" data-element_type=\"widget\" data-widget_type=\"spacer.default\">\n\t\t\t\t<div class=\"elementor-widget-container\">\n\t\t\t\t\t<div class=\"elementor-spacer\">\n\t\t\t<div class=\"elementor-spacer-inner\"><\/div>\n\t\t<\/div>\n\t\t\t\t<\/div>\n\t\t\t\t<\/div>\n\t\t\t\t\t\t<\/div>\n\t\t\t<\/div>\n\t\t<\/div>\n\t\t\t\t\t\t<\/div>\n\t\t\t<\/div>\n\t\t<\/section>\n\t\t\t\t<section class=\"elementor-element elementor-element-7d48aa1 elementor-section-boxed elementor-section-height-default elementor-section-height-default elementor-section elementor-top-section\" data-id=\"7d48aa1\" data-element_type=\"section\">\n\t\t\t\t\t\t<div class=\"elementor-container elementor-column-gap-default\">\n\t\t\t\t<div class=\"elementor-row\">\n\t\t\t\t<div class=\"elementor-element elementor-element-d1b5482 elementor-column elementor-col-100 elementor-top-column\" data-id=\"d1b5482\" data-element_type=\"column\">\n\t\t\t<div class=\"elementor-column-wrap  elementor-element-populated\">\n\t\t\t\t\t<div class=\"elementor-widget-wrap\">\n\t\t\t\t<div class=\"elementor-element elementor-element-a039c41 elementor-tabs-view-vertical elementor-widget elementor-widget-tabs\" data-id=\"a039c41\" data-element_type=\"widget\" data-widget_type=\"tabs.default\">\n\t\t\t\t<div class=\"elementor-widget-container\">\n\t\t\t\t\t<div class=\"elementor-tabs\" role=\"tablist\">\n\t\t\t<div class=\"elementor-tabs-wrapper\">\n\t\t\t\t\t\t\t\t\t<div id=\"elementor-tab-title-1681\" class=\"elementor-tab-title elementor-tab-desktop-title\" data-tab=\"1\" role=\"tab\" aria-controls=\"elementor-tab-content-1681\"><a href=\"\">Rateio 30 MM<\/a><\/div>\n\t\t\t\t\t\t\t<\/div>\n\t\t\t<div class=\"elementor-tabs-content-wrapper\">\n\t\t\t\t\t\t\t\t\t<div class=\"elementor-tab-title elementor-tab-mobile-title\" data-tab=\"1\" role=\"tab\">Rateio 30 MM<\/div>\n\t\t\t\t\t<div id=\"elementor-tab-content-1681\" class=\"elementor-tab-content elementor-clearfix\" data-tab=\"1\" role=\"tabpanel\" aria-labelledby=\"elementor-tab-title-1681\"><p><span style=\"font-size: 12pt;\">Rela\u00e7\u00e3o de Credores &#8211; Rateio 30 MM &#8211; Resumo (<a href=\"http:\/\/sanordesteriosul.com.br\/wp-content\/uploads\/2019\/12\/REL.-DE-CREDORES-RATEIO-30-MM-RESUMO.pdf\" target=\"_blank\" rel=\"noopener\">Download<\/a>)<\/span><\/p><p><span style=\"font-size: 12pt;\">Rela\u00e7\u00e3o de Credores &#8211; Rateio 30 MM &#8211; Rio Sul (<a href=\"http:\/\/sanordesteriosul.com.br\/wp-content\/uploads\/2019\/12\/REL.-DE-CREDORES-RATEIO-30-MM-RIO-SUL.pdf\" target=\"_blank\" rel=\"noopener\">Download<\/a>)<\/span><\/p><p><span style=\"font-size: 12pt;\">Rela\u00e7\u00e3o de Credores &#8211; Rateio 30 MM &#8211; Varig (<a href=\"http:\/\/sanordesteriosul.com.br\/wp-content\/uploads\/2019\/12\/REL.-DE-CREDORES-RATEIO-30-MM-VARIG.pdf\" target=\"_blank\" rel=\"noopener\">Download<\/a>)<\/span><\/p><p><span style=\"font-size: 12pt;\">Rela\u00e7\u00e3o de Credores &#8211; Rateio 30 MM &#8211; Nordeste (<a href=\"http:\/\/sanordesteriosul.com.br\/wp-content\/uploads\/2019\/12\/REL.-DE-CREDORES-RATEIO-30-MM-NORDESTE.pdf\" target=\"_blank\" rel=\"noopener\">Download<\/a>)<\/span><\/p><\/div>\n\t\t\t\t\t\t\t<\/div>\n\t\t<\/div>\n\t\t\t\t<\/div>\n\t\t\t\t<\/div>\n\t\t\t\t\t\t<\/div>\n\t\t\t<\/div>\n\t\t<\/div>\n\t\t\t\t\t\t<\/div>\n\t\t\t<\/div>\n\t\t<\/section>\n\t\t\t\t<section class=\"elementor-element elementor-element-7fc5cde2 elementor-section-height-min-height elementor-section-boxed elementor-section-height-default elementor-section-items-middle elementor-section elementor-top-section\" data-id=\"7fc5cde2\" data-element_type=\"section\" data-settings=\"{&quot;background_background&quot;:&quot;classic&quot;}\">\n\t\t\t\t\t\t<div class=\"elementor-container elementor-column-gap-default\">\n\t\t\t\t<div class=\"elementor-row\">\n\t\t\t\t<div class=\"elementor-element elementor-element-6ab83dcb elementor-column elementor-col-50 elementor-top-column\" data-id=\"6ab83dcb\" data-element_type=\"column\">\n\t\t\t<div class=\"elementor-column-wrap  elementor-element-populated\">\n\t\t\t\t\t<div class=\"elementor-widget-wrap\">\n\t\t\t\t<div class=\"elementor-element elementor-element-4b4389de elementor-widget elementor-widget-image\" data-id=\"4b4389de\" data-element_type=\"widget\" data-widget_type=\"image.default\">\n\t\t\t\t<div class=\"elementor-widget-container\">\n\t\t\t\t\t<div class=\"elementor-image\">\n\t\t\t\t\t\t\t\t\t\t<img decoding=\"async\" src=\"https:\/\/sanordesteriosul.com.br\/wp-content\/uploads\/elementor\/thumbs\/logok2-qtp200dzmaa78mcq40l5k2feeehhjl1hc8ywiom01g.png\" title=\"logok2\" alt=\"logok2\" \/>\t\t\t\t\t\t\t\t\t\t\t<\/div>\n\t\t\t\t<\/div>\n\t\t\t\t<\/div>\n\t\t\t\t<div class=\"elementor-element elementor-element-5d78e0c4 elementor-widget elementor-widget-text-editor\" data-id=\"5d78e0c4\" data-element_type=\"widget\" data-widget_type=\"text-editor.default\">\n\t\t\t\t<div class=\"elementor-widget-container\">\n\t\t\t\t\t<div class=\"elementor-text-editor elementor-clearfix\"><p style=\"text-align: left;\"><span style=\"color: #ffffff;\">Administrador Judicial<\/span><\/p><\/div>\n\t\t\t\t<\/div>\n\t\t\t\t<\/div>\n\t\t\t\t\t\t<\/div>\n\t\t\t<\/div>\n\t\t<\/div>\n\t\t\t\t<div class=\"elementor-element elementor-element-7566652c elementor-column elementor-col-50 elementor-top-column\" data-id=\"7566652c\" data-element_type=\"column\">\n\t\t\t<div class=\"elementor-column-wrap  elementor-element-populated\">\n\t\t\t\t\t<div class=\"elementor-widget-wrap\">\n\t\t\t\t<div class=\"elementor-element elementor-element-56b03c91 elementor-widget elementor-widget-text-editor\" data-id=\"56b03c91\" data-element_type=\"widget\" data-widget_type=\"text-editor.default\">\n\t\t\t\t<div class=\"elementor-widget-container\">\n\t\t\t\t\t<div class=\"elementor-text-editor elementor-clearfix\"><p><span style=\"color: #ffffff;\">Contato:<br \/><\/span><span style=\"color: #ffffff;\">(21) 3827-4141 \/ (21) 3553-3239<br \/><\/span><span style=\"color: #ffffff;\"><a style=\"color: #ffffff;\" href=\"mailto:contato@k2consultoria.com\" target=\"_blank\" rel=\"noopener\">contato@k2consultoria.com<\/a><\/span><\/p><\/div>\n\t\t\t\t<\/div>\n\t\t\t\t<\/div>\n\t\t\t\t\t\t<\/div>\n\t\t\t<\/div>\n\t\t<\/div>\n\t\t\t\t\t\t<\/div>\n\t\t\t<\/div>\n\t\t<\/section>\n\t\t\t\t<section class=\"elementor-element elementor-element-1bcfda51 elementor-section-full_width elementor-section-height-min-height elementor-section-height-default elementor-section-items-middle elementor-section elementor-top-section\" data-id=\"1bcfda51\" data-element_type=\"section\" data-settings=\"{&quot;background_background&quot;:&quot;classic&quot;}\">\n\t\t\t\t\t\t<div class=\"elementor-container elementor-column-gap-default\">\n\t\t\t\t<div class=\"elementor-row\">\n\t\t\t\t<div class=\"elementor-element elementor-element-6f1a1618 elementor-column elementor-col-100 elementor-top-column\" data-id=\"6f1a1618\" data-element_type=\"column\">\n\t\t\t<div class=\"elementor-column-wrap  elementor-element-populated\">\n\t\t\t\t\t<div class=\"elementor-widget-wrap\">\n\t\t\t\t<div class=\"elementor-element elementor-element-66b5cba1 elementor-widget elementor-widget-text-editor\" data-id=\"66b5cba1\" data-element_type=\"widget\" data-widget_type=\"text-editor.default\">\n\t\t\t\t<div class=\"elementor-widget-container\">\n\t\t\t\t\t<div class=\"elementor-text-editor elementor-clearfix\"><p style=\"text-align: center;\"><span style=\"color: #ffffff; font-size: 10pt; font-family: arial, helvetica, sans-serif;\">Copyright \u00a9 2025 Massa Falida da S. A. Via\u00e7\u00e3o A\u00e9rea RioGrandense, Rio Sul e Nordeste. Todos os direitos reservados.<\/span><\/p><\/div>\n\t\t\t\t<\/div>\n\t\t\t\t<\/div>\n\t\t\t\t\t\t<\/div>\n\t\t\t<\/div>\n\t\t<\/div>\n\t\t\t\t\t\t<\/div>\n\t\t\t<\/div>\n\t\t<\/section>\n\t\t\t\t\t\t<\/div>\n\t\t\t<\/div>\n\t\t<\/div>\n\t\t","protected":false},"excerpt":{"rendered":"<p>Rateio 30 M Rateio 30 MM Rateio 30 MM Rela\u00e7\u00e3o de Credores &#8211; Rateio 30 MM &#8211; Resumo (Download) Rela\u00e7\u00e3o de Credores &#8211; Rateio 30 MM &#8211; Rio Sul (Download) Rela\u00e7\u00e3o de Credores &#8211; Rateio 30 MM &#8211; Varig (Download) Rela\u00e7\u00e3o de Credores &#8211; Rateio 30 MM &#8211; Nordeste (Download) Administrador Judicial Contato:(21) 3827-4141 \/ &hellip; <a href=\"https:\/\/sanordesteriosul.com.br\/index.php\/rateio_30_m\/\" class=\"more-link\">Continue lendo<span class=\"screen-reader-text\"> &#8220;Rateio 30 M&#8221;<\/span><\/a><\/p>\n","protected":false},"author":1,"featured_media":0,"parent":0,"menu_order":0,"comment_status":"closed","ping_status":"closed","template":"elementor_canvas","meta":{"footnotes":""},"class_list":["post-1798","page","type-page","status-publish","hentry"],"_links":{"self":[{"href":"https:\/\/sanordesteriosul.com.br\/index.php\/wp-json\/wp\/v2\/pages\/1798","targetHints":{"allow":["GET"]}}],"collection":[{"href":"https:\/\/sanordesteriosul.com.br\/index.php\/wp-json\/wp\/v2\/pages"}],"about":[{"href":"https:\/\/sanordesteriosul.com.br\/index.php\/wp-json\/wp\/v2\/types\/page"}],"author":[{"embeddable":true,"href":"https:\/\/sanordesteriosul.com.br\/index.php\/wp-json\/wp\/v2\/users\/1"}],"replies":[{"embeddable":true,"href":"https:\/\/sanordesteriosul.com.br\/index.php\/wp-json\/wp\/v2\/comments?post=1798"}],"version-history":[{"count":10,"href":"https:\/\/sanordesteriosul.com.br\/index.php\/wp-json\/wp\/v2\/pages\/1798\/revisions"}],"predecessor-version":[{"id":2418,"href":"https:\/\/sanordesteriosul.com.br\/index.php\/wp-json\/wp\/v2\/pages\/1798\/revisions\/2418"}],"wp:attachment":[{"href":"https:\/\/sanordesteriosul.com.br\/index.php\/wp-json\/wp\/v2\/media?parent=1798"}],"curies":[{"name":"wp","href":"https:\/\/api.w.org\/{rel}","templated":true}]}}